{"id":85,"date":"2019-06-26T00:09:43","date_gmt":"2019-06-25T22:09:43","guid":{"rendered":"https:\/\/downstairs-transfor.000webhostapp.com\/?page_id=85"},"modified":"2020-07-03T18:50:10","modified_gmt":"2020-07-03T18:50:10","slug":"areas-de-practica","status":"publish","type":"page","link":"https:\/\/chavezsalinas.com\/index.php\/areas-de-practica\/","title":{"rendered":"\u00c1reas de Pr\u00e1ctica"},"content":{"rendered":"\n<div class=\"wp-block-image\"><figure class=\"aligncenter is-resized\"><img fetchpriority=\"high\" decoding=\"async\" src=\"http:\/\/chavezsalinas.com\/wp-content\/uploads\/2019\/07\/\u00c1reas-de-Pr\u00e1ctica-Definitiva-1024x768.png\" alt=\"\" class=\"wp-image-356\" width=\"401\" height=\"301\" srcset=\"https:\/\/chavezsalinas.com\/wp-content\/uploads\/2019\/07\/\u00c1reas-de-Pr\u00e1ctica-Definitiva.png 1024w, https:\/\/chavezsalinas.com\/wp-content\/uploads\/2019\/07\/\u00c1reas-de-Pr\u00e1ctica-Definitiva-300x225.png 300w, https:\/\/chavezsalinas.com\/wp-content\/uploads\/2019\/07\/\u00c1reas-de-Pr\u00e1ctica-Definitiva-768x576.png 768w\" sizes=\"(max-width: 401px) 100vw, 401px\" \/><\/figure><\/div>\n\n\n\n<p class=\"has-medium-font-size\"><strong>LITIGIO<\/strong><\/p>\n\n\n\n<div class=\"wp-block-columns has-2-columns is-layout-flex wp-container-core-columns-is-layout-9d6595d7 wp-block-columns-is-layout-flex\">\n<div class=\"wp-block-column is-layout-flow wp-block-column-is-layout-flow\">\n<p> -Derecho Financiero. <\/p>\n\n\n\n<p style=\"text-align: justify;\">La Firma se especializa ampliamente en problemas que afectan a la Banca, principalmente en el \u00e1rea de litigios en contra, por lo que ha ejecutado estrategias efectivas en la soluci\u00f3n de asuntos que representan contingencias derivadas de los servicios que presta el sector financiero.<\/p>\n\n\n\n<p><\/p>\n<\/div>\n\n\n\n<div class=\"wp-block-column is-layout-flow wp-block-column-is-layout-flow\">\n<p> -Seguros.  <\/p>\n\n\n\n<p style=\"text-align: justify;\">La Firma tambi\u00e9n ha representado con \u00e9xito a Aseguradoras, en reclamos derivados de contratos de seguros. \u00b7<\/p>\n<\/div>\n<\/div>\n\n\n\n<div class=\"wp-block-columns has-2-columns is-layout-flex wp-container-core-columns-is-layout-9d6595d7 wp-block-columns-is-layout-flex\">\n<div class=\"wp-block-column is-layout-flow wp-block-column-is-layout-flow\">\n<p> -Contratos de Obra.  <\/p>\n\n\n\n<p style=\"text-align: justify;\">Dentro de la experiencia de la Firma se encuentra el patrocinio tanto a due\u00f1os de obra, como a los empresarios encargados de ejecuci\u00f3n de las mismas.<\/p>\n<\/div>\n\n\n\n<div class=\"wp-block-column is-layout-flow wp-block-column-is-layout-flow\">\n<p> -Conflictos corporativos.  <\/p>\n\n\n\n<p style=\"text-align: justify;\">La Firma ha proporcionado asesor\u00eda previa al litigio, derivado de conflictos entre accionistas y patrocinado la defensa en litigio de las decisiones tomadas por los \u00f3rganos corporativos.<\/p>\n<\/div>\n<\/div>\n\n\n\n<div class=\"wp-block-columns has-2-columns is-layout-flex wp-container-core-columns-is-layout-9d6595d7 wp-block-columns-is-layout-flex\">\n<div class=\"wp-block-column is-layout-flow wp-block-column-is-layout-flow\">\n<p> -Contratos.  <\/p>\n\n\n\n<p style=\"text-align: justify;\">La Firma presta servicios sobre litigios relacionados con contratos civiles y mercantiles<\/p>\n<\/div>\n\n\n\n<div class=\"wp-block-column is-layout-flow wp-block-column-is-layout-flow\">\n<p> -Da\u00f1os.  <\/p>\n\n\n\n<p style=\"text-align: justify;\">El Despacho ha patrocinado reclamos sobre da\u00f1os derivados de responsabilidad contractual y extracontractual, incluyendo los derivados de violaciones a la Ley Federal del Derecho de Autor.<\/p>\n<\/div>\n<\/div>\n\n\n\n<p class=\"has-medium-font-size\"><strong>MECANISMOS ALTERNATIVOS DE SOLUCI\u00d3N DE CONTROVERSIAS <\/strong><\/p>\n\n\n\n<div class=\"wp-block-columns has-2-columns is-layout-flex wp-container-core-columns-is-layout-9d6595d7 wp-block-columns-is-layout-flex\">\n<div class=\"wp-block-column is-layout-flow wp-block-column-is-layout-flow\">\n<p> -Arbitraje. <\/p>\n\n\n\n<p style=\"text-align: justify;\">Prestamos servicios como \u00e1rbitro y como abogado de parte.<\/p>\n<p style=\"text-align: justify;\">El Lic. Abel Ch\u00e1vez Salinas ha sido incluido en la lista de personas autorizadas para fungir como \u00e1rbitro durante el a\u00f1o de 2020, por el Instituto Nacional del Derecho de Autor.<\/p>\n<p>&nbsp;<\/p>\n<\/div>\n\n\n\n<div class=\"wp-block-column is-layout-flow wp-block-column-is-layout-flow\">\n<p> -Mediaci\u00f3n. <\/p>\n\n\n\n<p style=\"text-align: justify;\">Prestamos servicios de mediaci\u00f3n privada.<\/p>\n<p style=\"text-align: justify;\">El Lic. Abel Ch\u00e1vez Salinas es el Mediador Privado Certificado con Fe P\u00fablica n\u00famero 583 del Tribunal Superior de Justicia de la Ciudad de M\u00e9xico.<\/p>\n<\/div>\n<\/div>\n\n\n\n<p><\/p>\n","protected":false},"excerpt":{"rendered":"<p>LITIGIO -Derecho Financiero. La Firma se especializa ampliamente en problemas que afectan a la Banca, principalmente en el \u00e1rea de litigios en contra, por lo que ha ejecutado estrategias efectivas &#8230;<\/p>\n","protected":false},"author":1,"featured_media":0,"parent":0,"menu_order":0,"comment_status":"closed","ping_status":"closed","template":"","meta":{"footnotes":""},"class_list":["post-85","page","type-page","status-publish","hentry"],"yoast_head":"<!-- This site is optimized with the Yoast SEO plugin v14.4.1 - https:\/\/yoast.com\/wordpress\/plugins\/seo\/ -->\n<title>\u00c1reas de Pr\u00e1ctica  -<\/title>\n<meta name=\"description\" content=\"\u00c1reas de Pr\u00e1ctica  -\" \/>\n<meta name=\"robots\" content=\"index, follow\" \/>\n<meta name=\"googlebot\" content=\"index, follow, max-snippet:-1, max-image-preview:large, max-video-preview:-1\" \/>\n<meta name=\"bingbot\" content=\"index, follow, max-snippet:-1, max-image-preview:large, max-video-preview:-1\" \/>\n<link rel=\"canonical\" href=\"https:\/\/chavezsalinas.com\/index.php\/areas-de-practica\/\" \/>\n<script type=\"application\/ld+json\" class=\"yoast-schema-graph\">{\"@context\":\"https:\/\/schema.org\",\"@graph\":[{\"@type\":\"WebSite\",\"@id\":\"https:\/\/chavezsalinas.com\/#website\",\"url\":\"https:\/\/chavezsalinas.com\/\",\"name\":\"\",\"description\":\"\",\"potentialAction\":[{\"@type\":\"SearchAction\",\"target\":\"https:\/\/chavezsalinas.com\/?s={search_term_string}\",\"query-input\":\"required name=search_term_string\"}],\"inLanguage\":\"es\"},{\"@type\":\"ImageObject\",\"@id\":\"https:\/\/chavezsalinas.com\/index.php\/areas-de-practica\/#primaryimage\",\"inLanguage\":\"es\",\"url\":\"http:\/\/chavezsalinas.com\/wp-content\/uploads\/2019\/07\/\\u00c1reas-de-Pr\\u00e1ctica-Definitiva-1024x768.png\"},{\"@type\":\"WebPage\",\"@id\":\"https:\/\/chavezsalinas.com\/index.php\/areas-de-practica\/#webpage\",\"url\":\"https:\/\/chavezsalinas.com\/index.php\/areas-de-practica\/\",\"name\":\"\\u00c1reas de Pr\\u00e1ctica -\",\"isPartOf\":{\"@id\":\"https:\/\/chavezsalinas.com\/#website\"},\"primaryImageOfPage\":{\"@id\":\"https:\/\/chavezsalinas.com\/index.php\/areas-de-practica\/#primaryimage\"},\"datePublished\":\"2019-06-25T22:09:43+00:00\",\"dateModified\":\"2020-07-03T18:50:10+00:00\",\"description\":\"\\u00c1reas de Pr\\u00e1ctica -\",\"inLanguage\":\"es\",\"potentialAction\":[{\"@type\":\"ReadAction\",\"target\":[\"https:\/\/chavezsalinas.com\/index.php\/areas-de-practica\/\"]}]}]}<\/script>\n<!-- \/ Yoast SEO plugin. -->","_links":{"self":[{"href":"https:\/\/chavezsalinas.com\/index.php\/wp-json\/wp\/v2\/pages\/85","targetHints":{"allow":["GET"]}}],"collection":[{"href":"https:\/\/chavezsalinas.com\/index.php\/wp-json\/wp\/v2\/pages"}],"about":[{"href":"https:\/\/chavezsalinas.com\/index.php\/wp-json\/wp\/v2\/types\/page"}],"author":[{"embeddable":true,"href":"https:\/\/chavezsalinas.com\/index.php\/wp-json\/wp\/v2\/users\/1"}],"replies":[{"embeddable":true,"href":"https:\/\/chavezsalinas.com\/index.php\/wp-json\/wp\/v2\/comments?post=85"}],"version-history":[{"count":10,"href":"https:\/\/chavezsalinas.com\/index.php\/wp-json\/wp\/v2\/pages\/85\/revisions"}],"predecessor-version":[{"id":675,"href":"https:\/\/chavezsalinas.com\/index.php\/wp-json\/wp\/v2\/pages\/85\/revisions\/675"}],"wp:attachment":[{"href":"https:\/\/chavezsalinas.com\/index.php\/wp-json\/wp\/v2\/media?parent=85"}],"curies":[{"name":"wp","href":"https:\/\/api.w.org\/{rel}","templated":true}]}}