{"id":82,"date":"2019-06-26T00:07:55","date_gmt":"2019-06-25T22:07:55","guid":{"rendered":"https:\/\/downstairs-transfor.000webhostapp.com\/?page_id=82"},"modified":"2020-07-03T18:37:19","modified_gmt":"2020-07-03T18:37:19","slug":"socio-fundador","status":"publish","type":"page","link":"https:\/\/chavezsalinas.com\/index.php\/socio-fundador\/","title":{"rendered":"Socio Fundador"},"content":{"rendered":"\n<p style=\"text-align: justify;\">Abel Ch\u00e1vez Salinas, es abogado por la Escuela Libre de Derecho. Curs\u00f3 la Especialidad en Derecho Civil por la Universidad Nacional Aut\u00f3noma de M\u00e9xico; el Diplomado de Arbitraje Comercial Internacional impartido por la C\u00e1mara de Comercio Internacional y la Escuela Libre de Derecho; el curso de Financiamiento al Comercio y Medios de Pago Internacional, impartido por la C\u00e1mara de Comercio Internacional; el curso para ser \u00e1rbitro de la C\u00e1mara Nacional de Comercio de la Ciudad de M\u00e9xico, as\u00ed como el Diplomado en Mediaci\u00f3n, impartido por el Tribunal Superior de Justicia de la Ciudad de M\u00e9xico, siendo el Mediador Privado Certificado n\u00famero 583.<\/p>\n\n\n\n<p>Es Profesor de asignatura de la Universidad Iberoamericana.<\/p>\n\n\n\n<p>Su actividad profesional la ha desempe\u00f1ado en Gonz\u00e1lez  de Castilla Abogados, S.C., Basham, Ringe y Correa, S.C. y Hegewisch  Abogados, S.C., antes de iniciar el ejercicio libre de la profesi\u00f3n y  fundar la Firma. <\/p>\n\n\n\n<p><\/p>\n\n\n\n<p> Cuenta con competencia profesional del idioma Ingl\u00e9s.<\/p>\n\n\n\n<div class=\"wp-block-image\"><figure class=\"aligncenter is-resized\"><img fetchpriority=\"high\" decoding=\"async\" src=\"http:\/\/chavezsalinas.com\/wp-content\/uploads\/2019\/06\/SOCIO-FUNDADOR-768x1024.png\" alt=\"\" class=\"wp-image-221\" width=\"465\" height=\"620\" srcset=\"https:\/\/chavezsalinas.com\/wp-content\/uploads\/2019\/06\/SOCIO-FUNDADOR.png 768w, https:\/\/chavezsalinas.com\/wp-content\/uploads\/2019\/06\/SOCIO-FUNDADOR-225x300.png 225w\" sizes=\"(max-width: 465px) 100vw, 465px\" \/><\/figure><\/div>\n","protected":false},"excerpt":{"rendered":"<p>Abel Ch\u00e1vez Salinas, es abogado por la Escuela Libre de Derecho. Curs\u00f3 la Especialidad en Derecho Civil por la Universidad Nacional Aut\u00f3noma de M\u00e9xico; el Diplomado de Arbitraje Comercial Internacional &#8230;<\/p>\n","protected":false},"author":1,"featured_media":0,"parent":0,"menu_order":0,"comment_status":"closed","ping_status":"closed","template":"","meta":{"footnotes":""},"class_list":["post-82","page","type-page","status-publish","hentry"],"yoast_head":"<!-- This site is optimized with the Yoast SEO plugin v14.4.1 - https:\/\/yoast.com\/wordpress\/plugins\/seo\/ -->\n<title>Socio Fundador  -<\/title>\n<meta name=\"description\" content=\"Socio Fundador  -\" \/>\n<meta name=\"robots\" content=\"index, follow\" \/>\n<meta name=\"googlebot\" content=\"index, follow, max-snippet:-1, max-image-preview:large, max-video-preview:-1\" \/>\n<meta name=\"bingbot\" content=\"index, follow, max-snippet:-1, max-image-preview:large, max-video-preview:-1\" \/>\n<link rel=\"canonical\" href=\"https:\/\/chavezsalinas.com\/index.php\/socio-fundador\/\" \/>\n<script type=\"application\/ld+json\" class=\"yoast-schema-graph\">{\"@context\":\"https:\/\/schema.org\",\"@graph\":[{\"@type\":\"WebSite\",\"@id\":\"https:\/\/chavezsalinas.com\/#website\",\"url\":\"https:\/\/chavezsalinas.com\/\",\"name\":\"\",\"description\":\"\",\"potentialAction\":[{\"@type\":\"SearchAction\",\"target\":\"https:\/\/chavezsalinas.com\/?s={search_term_string}\",\"query-input\":\"required name=search_term_string\"}],\"inLanguage\":\"es\"},{\"@type\":\"ImageObject\",\"@id\":\"https:\/\/chavezsalinas.com\/index.php\/socio-fundador\/#primaryimage\",\"inLanguage\":\"es\",\"url\":\"http:\/\/chavezsalinas.com\/wp-content\/uploads\/2019\/06\/SOCIO-FUNDADOR-768x1024.png\"},{\"@type\":\"WebPage\",\"@id\":\"https:\/\/chavezsalinas.com\/index.php\/socio-fundador\/#webpage\",\"url\":\"https:\/\/chavezsalinas.com\/index.php\/socio-fundador\/\",\"name\":\"Socio Fundador -\",\"isPartOf\":{\"@id\":\"https:\/\/chavezsalinas.com\/#website\"},\"primaryImageOfPage\":{\"@id\":\"https:\/\/chavezsalinas.com\/index.php\/socio-fundador\/#primaryimage\"},\"datePublished\":\"2019-06-25T22:07:55+00:00\",\"dateModified\":\"2020-07-03T18:37:19+00:00\",\"description\":\"Socio Fundador -\",\"inLanguage\":\"es\",\"potentialAction\":[{\"@type\":\"ReadAction\",\"target\":[\"https:\/\/chavezsalinas.com\/index.php\/socio-fundador\/\"]}]}]}<\/script>\n<!-- \/ Yoast SEO plugin. -->","_links":{"self":[{"href":"https:\/\/chavezsalinas.com\/index.php\/wp-json\/wp\/v2\/pages\/82","targetHints":{"allow":["GET"]}}],"collection":[{"href":"https:\/\/chavezsalinas.com\/index.php\/wp-json\/wp\/v2\/pages"}],"about":[{"href":"https:\/\/chavezsalinas.com\/index.php\/wp-json\/wp\/v2\/types\/page"}],"author":[{"embeddable":true,"href":"https:\/\/chavezsalinas.com\/index.php\/wp-json\/wp\/v2\/users\/1"}],"replies":[{"embeddable":true,"href":"https:\/\/chavezsalinas.com\/index.php\/wp-json\/wp\/v2\/comments?post=82"}],"version-history":[{"count":6,"href":"https:\/\/chavezsalinas.com\/index.php\/wp-json\/wp\/v2\/pages\/82\/revisions"}],"predecessor-version":[{"id":610,"href":"https:\/\/chavezsalinas.com\/index.php\/wp-json\/wp\/v2\/pages\/82\/revisions\/610"}],"wp:attachment":[{"href":"https:\/\/chavezsalinas.com\/index.php\/wp-json\/wp\/v2\/media?parent=82"}],"curies":[{"name":"wp","href":"https:\/\/api.w.org\/{rel}","templated":true}]}}